[INFO] fetching crate gmt_dos-clients_crseo 1.0.0...
[INFO] checking gmt_dos-clients_crseo-1.0.0 against master#9610dfe5a9a731ced1ea4923ecbd0c57fe367898 for beta-170-4
[INFO] extracting crate gmt_dos-clients_crseo 1.0.0 into /workspace/builds/worker-4-tc1/source
[INFO] validating manifest of crates.io crate gmt_dos-clients_crseo 1.0.0 on toolchain 9610dfe5a9a731ced1ea4923ecbd0c57fe367898
[INFO] running `Command { std: CARGO_HOME="/workspace/cargo-home" RUSTUP_HOME="/workspace/rustup-home" "/workspace/cargo-home/bin/cargo" "+9610dfe5a9a731ced1ea4923ecbd0c57fe367898" "metadata" "--manifest-path" "Cargo.toml" "--no-deps", kill_on_drop: false }`
[INFO] started tweaking crates.io crate gmt_dos-clients_crseo 1.0.0
[INFO] finished tweaking crates.io crate gmt_dos-clients_crseo 1.0.0
[INFO] tweaked toml for crates.io crate gmt_dos-clients_crseo 1.0.0 written to /workspace/builds/worker-4-tc1/source/Cargo.toml
[INFO] crate crates.io crate gmt_dos-clients_crseo 1.0.0 already has a lockfile, it will not be regenerated
[INFO] running `Command { std: CARGO_HOME="/workspace/cargo-home" RUSTUP_HOME="/workspace/rustup-home" "/workspace/cargo-home/bin/cargo" "+9610dfe5a9a731ced1ea4923ecbd0c57fe367898" "fetch" "--manifest-path" "Cargo.toml", kill_on_drop: false }`
[INFO] [stderr]     Updating crates.io index
[INFO] [stderr]  Downloading crates ...
[INFO] [stderr]   Downloaded arrow-schema v30.0.1
[INFO] [stderr]   Downloaded linya v0.3.0
[INFO] [stderr]   Downloaded flatbuffers v22.9.29
[INFO] [stderr]   Downloaded arrow-arith v30.0.1
[INFO] [stderr]   Downloaded arrow-csv v30.0.1
[INFO] [stderr]   Downloaded dos-uid-derive v2.0.0
[INFO] [stderr]   Downloaded skyangle v0.1.2
[INFO] [stderr]   Downloaded arrow-buffer v30.0.1
[INFO] [stderr]   Downloaded toml_edit v0.19.6
[INFO] [stderr]   Downloaded arrow-row v30.0.1
[INFO] [stderr]   Downloaded zstd-safe v6.0.4+zstd.1.5.4
[INFO] [stderr]   Downloaded iter-read v0.3.1
[INFO] [stderr]   Downloaded vec_box v1.0.0
[INFO] [stderr]   Downloaded arrow-json v30.0.1
[INFO] [stderr]   Downloaded roots v0.0.6
[INFO] [stderr]   Downloaded arrow-ord v30.0.1
[INFO] [stderr]   Downloaded crseo v0.5.0
[INFO] [stderr]   Downloaded arrow v30.0.1
[INFO] [stderr]   Downloaded arrow-array v30.0.1
[INFO] [stderr]   Downloaded thrift v0.17.0
[INFO] [stderr]   Downloaded arrow-cast v30.0.1
[INFO] [stderr]   Downloaded parquet v30.0.1
[INFO] [stderr]   Downloaded gmt_dos-actors v7.0.0
[INFO] [stderr]   Downloaded arrow-data v30.0.1
[INFO] [stderr]   Downloaded gmt_dos-clients v2.0.0
[INFO] [stderr]   Downloaded serde-pickle v0.6.3
[INFO] [stderr]   Downloaded arrow-string v30.0.1
[INFO] [stderr]   Downloaded arrow-ipc v30.0.1
[INFO] [stderr]   Downloaded arrow-select v30.0.1
[INFO] [stderr]   Downloaded seq-macro v0.3.3
[INFO] [stderr]   Downloaded paris v1.5.13
[INFO] [stderr]   Downloaded gmt_dos-clients_arrow v1.0.0
[INFO] [stderr]   Downloaded gmt_dos-clients_domeseeing v1.0.0
[INFO] [stderr]   Downloaded gmt_dos-clients_io v2.0.0
[INFO] [stderr]   Downloaded crseo-sys v0.2.0
[INFO] running `Command { std: "docker" "create" "-v" "/var/lib/crater-agent-workspace/builds/worker-4-tc1/target:/opt/rustwide/target:rw,Z" "-v" "/var/lib/crater-agent-workspace/builds/worker-4-tc1/source:/opt/rustwide/workdir:ro,Z" "-v" "/var/lib/crater-agent-workspace/cargo-home:/opt/rustwide/cargo-home:ro,Z" "-v" "/var/lib/crater-agent-workspace/rustup-home:/opt/rustwide/rustup-home:ro,Z" "-e" "SOURCE_DIR=/opt/rustwide/workdir" "-e" "CARGO_TARGET_DIR=/opt/rustwide/target" "-e" "CARGO_HOME=/opt/rustwide/cargo-home" "-e" "RUSTUP_HOME=/opt/rustwide/rustup-home" "-w" "/opt/rustwide/workdir" "-m" "1610612736" "--user" "0:0" "--network" "none" "ghcr.io/rust-lang/crates-build-env/linux@sha256:19e73879b68f455e41552ea35293514db52ea292d993f571636dbffedb77a1ee" "/opt/rustwide/cargo-home/bin/cargo" "+9610dfe5a9a731ced1ea4923ecbd0c57fe367898" "metadata" "--no-deps" "--format-version=1", kill_on_drop: false }`
[INFO] [stdout] 562248cacb6e9fbe6e20e80fcc09bbcbe4a2e1f6a63074a3a79c7633d3afc096
[INFO] running `Command { std: "docker" "start" "-a" "562248cacb6e9fbe6e20e80fcc09bbcbe4a2e1f6a63074a3a79c7633d3afc096", kill_on_drop: false }`
[INFO] running `Command { std: "docker" "inspect" "562248cacb6e9fbe6e20e80fcc09bbcbe4a2e1f6a63074a3a79c7633d3afc096", kill_on_drop: false }`
[INFO] running `Command { std: "docker" "rm" "-f" "562248cacb6e9fbe6e20e80fcc09bbcbe4a2e1f6a63074a3a79c7633d3afc096", kill_on_drop: false }`
[INFO] [stdout] 562248cacb6e9fbe6e20e80fcc09bbcbe4a2e1f6a63074a3a79c7633d3afc096
[INFO] running `Command { std: "docker" "create" "-v" "/var/lib/crater-agent-workspace/builds/worker-4-tc1/target:/opt/rustwide/target:rw,Z" "-v" "/var/lib/crater-agent-workspace/builds/worker-4-tc1/source:/opt/rustwide/workdir:ro,Z" "-v" "/var/lib/crater-agent-workspace/cargo-home:/opt/rustwide/cargo-home:ro,Z" "-v" "/var/lib/crater-agent-workspace/rustup-home:/opt/rustwide/rustup-home:ro,Z" "-e" "SOURCE_DIR=/opt/rustwide/workdir" "-e" "CARGO_TARGET_DIR=/opt/rustwide/target" "-e" "CARGO_INCREMENTAL=0" "-e" "RUST_BACKTRACE=full" "-e" "RUSTFLAGS=--cap-lints=forbid" "-e" "RUSTDOCFLAGS=--cap-lints=forbid" "-e" "CARGO_HOME=/opt/rustwide/cargo-home" "-e" "RUSTUP_HOME=/opt/rustwide/rustup-home" "-w" "/opt/rustwide/workdir" "-m" "1610612736" "--user" "0:0" "--network" "none" "ghcr.io/rust-lang/crates-build-env/linux@sha256:19e73879b68f455e41552ea35293514db52ea292d993f571636dbffedb77a1ee" "/opt/rustwide/cargo-home/bin/cargo" "+9610dfe5a9a731ced1ea4923ecbd0c57fe367898" "check" "--frozen" "--all" "--all-targets" "--message-format=json", kill_on_drop: false }`
[INFO] [stdout] 5ff24869e6d2421cdcfc97b3c9481da69f64abe5aea902dacbe924206a28b002
[INFO] running `Command { std: "docker" "start" "-a" "5ff24869e6d2421cdcfc97b3c9481da69f64abe5aea902dacbe924206a28b002", kill_on_drop: false }`
[INFO] [stderr]    Compiling proc-macro2 v1.0.52
[INFO] [stderr]    Compiling unicode-ident v1.0.1
[INFO] [stderr]    Compiling quote v1.0.26
[INFO] [stderr]    Compiling libm v0.2.2
[INFO] [stderr]    Compiling num-traits v0.2.15
[INFO] [stderr]    Compiling serde_derive v1.0.160
[INFO] [stderr]    Compiling serde v1.0.160
[INFO] [stderr]    Compiling libc v0.2.139
[INFO] [stderr]    Compiling syn v1.0.109
[INFO] [stderr]     Checking getrandom v0.2.7
[INFO] [stderr]    Compiling num-bigint v0.4.3
[INFO] [stderr]    Compiling num-rational v0.4.1
[INFO] [stderr]     Checking time v0.1.44
[INFO] [stderr]    Compiling num-iter v0.1.43
[INFO] [stderr]     Checking iana-time-zone v0.1.53
[INFO] [stderr]    Compiling tiny-keccak v2.0.2
[INFO] [stderr]    Compiling log v0.4.17
[INFO] [stderr]    Compiling once_cell v1.17.1
[INFO] [stderr]    Compiling ahash v0.8.3
[INFO] [stderr]    Compiling syn v2.0.12
[INFO] [stderr]     Checking arrow-schema v30.0.1
[INFO] [stderr]    Compiling thiserror v1.0.39
[INFO] [stderr]    Compiling const-random-macro v0.1.15
[INFO] [stderr]    Compiling jobserver v0.1.26
[INFO] [stderr]     Checking hashbrown v0.13.2
[INFO] [stderr]     Checking lexical-util v0.8.5
[INFO] [stderr]     Checking num-integer v0.1.45
[INFO] [stderr]     Checking half v2.2.1
[INFO] [stderr]     Checking chrono v0.4.24
[INFO] [stderr]    Compiling cc v1.0.79
[INFO] [stderr]     Checking const-random v0.1.15
[INFO] [stderr]    Compiling futures-core v0.3.21
[INFO] [stderr]    Compiling portable-atomic v0.3.19
[INFO] [stderr]    Compiling clang-sys v1.6.0
[INFO] [stderr]     Checking futures-sink v0.3.21
[INFO] [stderr]    Compiling futures-channel v0.3.21
[INFO] [stderr]     Checking unicode-width v0.1.9
[INFO] [stderr]     Checking console v0.15.5
[INFO] [stderr]    Compiling aho-corasick v0.7.18
[INFO] [stderr]     Checking lexical-write-integer v0.8.5
[INFO] [stderr]     Checking lexical-parse-integer v0.8.6
[INFO] [stderr]    Compiling atty v0.2.14
[INFO] [stderr]     Checking num_cpus v1.13.1
[INFO] [stderr]    Compiling indexmap v1.9.2
[INFO] [stderr]     Checking number_prefix v0.4.0
[INFO] [stderr]    Compiling minimal-lexical v0.2.1
[INFO] [stderr]    Compiling futures-util v0.3.21
[INFO] [stderr]    Compiling regex-syntax v0.6.28
[INFO] [stderr]    Compiling textwrap v0.11.0
[INFO] [stderr]     Checking indicatif v0.17.3
[INFO] [stderr]    Compiling nom v7.1.3
[INFO] [stderr]     Checking lexical-parse-float v0.8.5
[INFO] [stderr]     Checking lexical-write-float v0.8.5
[INFO] [stderr]    Compiling libloading v0.7.3
[INFO] [stderr]    Compiling either v1.8.1
[INFO] [stderr]    Compiling termcolor v1.1.3
[INFO] [stderr]     Checking slab v0.4.6
[INFO] [stderr]    Compiling bindgen v0.59.2
[INFO] [stderr]    Compiling zstd-sys v2.0.7+zstd.1.5.4
[INFO] [stderr]    Compiling clap v2.34.0
[INFO] [stderr]    Compiling which v4.4.0
[INFO] [stderr]     Checking lexical-core v0.8.5
[INFO] [stderr]    Compiling tokio v1.26.0
[INFO] [stderr]    Compiling async-trait v0.1.56
[INFO] [stderr]     Checking bytemuck v1.9.1
[INFO] [stderr]    Compiling regex v1.7.1
[INFO] [stderr]    Compiling cexpr v0.6.0
[INFO] [stderr]    Compiling shlex v1.1.0
[INFO] [stderr]     Checking paris v1.5.13
[INFO] [stderr]     Checking safe_arch v0.6.0
[INFO] [stderr]    Compiling env_logger v0.9.0
[INFO] [stderr]     Checking spin v0.9.8
[INFO] [stderr]     Checking nanorand v0.7.0
[INFO] [stderr]    Compiling num-bigint v0.3.3
[INFO] [stderr]    Compiling thiserror-impl v1.0.39
[INFO] [stderr]    Compiling futures-macro v0.3.21
[INFO] [stderr]    Compiling pin-project-internal v1.0.10
[INFO] [stderr]    Compiling dos-uid-derive v2.0.0
[INFO] [stderr]    Compiling tokio-macros v1.8.0
[INFO] [stderr]     Checking itoa v1.0.2
[INFO] [stderr]     Checking gmt_dos-clients v2.0.0
[INFO] [stderr]     Checking wide v0.7.8
[INFO] [stderr]    Compiling lz4-sys v1.9.4
[INFO] [stderr]     Checking pin-project v1.0.10
[INFO] [stderr]     Checking flume v0.10.13
[INFO] [stderr]     Checking approx v0.5.1
[INFO] [stderr]     Checking rand_core v0.6.3
[INFO] [stderr]     Checking ppv-lite86 v0.2.16
[INFO] [stderr]     Checking humantime v2.1.0
[INFO] [stderr]    Compiling zstd-safe v6.0.4+zstd.1.5.4
[INFO] [stderr]     Checking rawpointer v0.2.1
[INFO] [stderr]    Compiling serde_json v1.0.94
[INFO] [stderr]     Checking vec_box v1.0.0
[INFO] [stderr]     Checking matrixmultiply v0.3.2
[INFO] [stderr]     Checking rand_chacha v0.3.1
[INFO] [stderr]     Checking flatbuffers v22.9.29
[INFO] [stderr]     Checking rayon-core v1.11.0
[INFO] [stderr]     Checking futures-executor v0.3.21
[INFO] [stderr]    Compiling nalgebra-macros v0.2.0
[INFO] [stderr]     Checking futures v0.3.21
[INFO] [stderr]    Compiling snap v1.1.0
[INFO] [stderr]     Checking gmt_dos-actors v7.0.0
[INFO] [stderr]     Checking iter-read v0.3.1
[INFO] [stderr]     Checking winnow v0.3.5
[INFO] [stderr]    Compiling anyhow v1.0.69
[INFO] [stderr]     Checking miniz_oxide v0.6.2
[INFO] [stderr]     Checking rayon v1.7.0
[INFO] [stderr]     Checking rand v0.8.5
[INFO] [stderr]     Checking ordered-float v2.10.0
[INFO] [stderr]     Checking skyangle v0.1.2
[INFO] [stderr]     Checking num-complex v0.4.3
[INFO] [stderr]     Checking toml_datetime v0.6.1
[INFO] [stderr]     Checking serde_spanned v0.6.1
[INFO] [stderr]     Checking csv v1.2.1
[INFO] [stderr]     Checking serde-pickle v0.6.3
[INFO] [stderr]     Checking num v0.4.0
[INFO] [stderr]     Checking arrow-buffer v30.0.1
[INFO] [stderr]     Checking simba v0.8.0
[INFO] [stderr]     Checking bincode v1.3.3
[INFO] [stderr]     Checking roots v0.0.6
[INFO] [stderr]     Checking arrow-data v30.0.1
[INFO] [stderr]     Checking integer-encoding v3.0.4
[INFO] [stderr]     Checking gmt_dos-clients_domeseeing v1.0.0
[INFO] [stderr]     Checking thrift v0.17.0
[INFO] [stderr]     Checking flate2 v1.0.25
[INFO] [stderr]     Checking arrow-array v30.0.1
[INFO] [stderr]    Compiling crseo-sys v0.2.0
[INFO] [stderr]     Checking brotli v3.3.4
[INFO] [stderr]     Checking toml_edit v0.19.6
[INFO] [stderr]     Checking gmt_dos-clients_io v2.0.0
[INFO] [stderr]     Checking twox-hash v1.6.3
[INFO] [stderr]    Compiling seq-macro v0.3.3
[INFO] [stderr]     Checking base64 v0.20.0
[INFO] [stderr]     Checking bytes v1.4.0
[INFO] [stderr]     Checking terminal_size v0.1.17
[INFO] [stderr]     Checking linya v0.3.0
[INFO] [stderr]     Checking arrow-select v30.0.1
[INFO] [stderr]     Checking toml v0.7.3
[INFO] [stderr]     Checking arrow-cast v30.0.1
[INFO] [stderr]     Checking arrow-ord v30.0.1
[INFO] [stderr] error: failed to run custom build command for `crseo-sys v0.2.0`
[INFO] [stderr] note: To improve backtraces for build dependencies, set the CARGO_PROFILE_DEV_BUILD_OVERRIDE_DEBUG=true environment variable to enable debug information generation.
[INFO] [stderr] 
[INFO] [stderr] Caused by:
[INFO] [stderr]   process didn't exit successfully: `/opt/rustwide/target/debug/build/crseo-sys-f561817eff96a99f/build-script-build` (exit status: 101)
[INFO] [stderr]   --- stdout
[INFO] [stderr]   cargo:rustc-link-search=/usr/local/lib
[INFO] [stderr]   cargo:rustc-link-lib=static=ceo
[INFO] [stderr]   cargo:rustc-link-lib=static=jsmn
[INFO] [stderr]   cargo:rustc-link-lib=curl
[INFO] [stderr]   cargo:rustc-link-search=/usr/local/cuda/lib64
[INFO] [stderr]   cargo:rustc-link-lib=cudart
[INFO] [stderr]   cargo:rustc-link-lib=cudadevrt
[INFO] [stderr]   cargo:rustc-link-lib=cublas
[INFO] [stderr]   cargo:rustc-link-lib=cufft
[INFO] [stderr]   cargo:rustc-link-lib=cusparse
[INFO] [stderr]   cargo:rustc-link-lib=curand
[INFO] [stderr]   cargo:rustc-link-lib=cusolver
[INFO] [stderr]   cargo:rerun-if-changed=wrapper.hpp
[INFO] [stderr] 
[INFO] [stderr]   --- stderr
[INFO] [stderr]   Ubuntu clang version 14.0.0-1ubuntu1
[INFO] [stderr]   Target: x86_64-pc-linux-gnu
[INFO] [stderr]   Thread model: posix
[INFO] [stderr]   InstalledDir: 
[INFO] [stderr]   Found candidate GCC installation: /../lib/gcc/x86_64-linux-gnu/10
[INFO] [stderr]   Found candidate GCC installation: /../lib/gcc/x86_64-linux-gnu/11
[INFO] [stderr]   Found candidate GCC installation: /../lib/gcc/x86_64-linux-gnu/9
[INFO] [stderr]   Selected GCC installation: /../lib/gcc/x86_64-linux-gnu/11
[INFO] [stderr]   Candidate multilib: .;@m64
[INFO] [stderr]   Candidate multilib: 32;@m32
[INFO] [stderr]   Candidate multilib: x32;@mx32
[INFO] [stderr]   Selected multilib: .;@m64
[INFO] [stderr]   ignoring nonexistent directory "/usr/local/cuda/include"
[INFO] [stderr]   ignoring nonexistent directory "/../lib/gcc/x86_64-linux-gnu/11/../../../../x86_64-linux-gnu/include"
[INFO] [stderr]   ignoring nonexistent directory "/include"
[INFO] [stderr]   ignoring duplicate directory "/usr/lib/gcc/x86_64-linux-gnu/11/../../../../include/c++/11"
[INFO] [stderr]   ignoring duplicate directory "/usr/lib/gcc/x86_64-linux-gnu/11/../../../../include/x86_64-linux-gnu/c++/11"
[INFO] [stderr]   ignoring duplicate directory "/usr/lib/gcc/x86_64-linux-gnu/11/../../../../include/c++/11/backward"
[INFO] [stderr]   ignoring duplicate directory "/usr/lib/llvm-14/lib/clang/14.0.0/include"
[INFO] [stderr]   ignoring duplicate directory "/usr/local/include"
[INFO] [stderr]   ignoring duplicate directory "/usr/include/x86_64-linux-gnu"
[INFO] [stderr]   ignoring duplicate directory "/usr/include"
[INFO] [stderr]   #include "..." search starts here:
[INFO] [stderr]   #include <...> search starts here:
[INFO] [stderr]    /usr/lib/gcc/x86_64-linux-gnu/11/../../../../include/c++/11
[INFO] [stderr]    /usr/lib/gcc/x86_64-linux-gnu/11/../../../../include/x86_64-linux-gnu/c++/11
[INFO] [stderr]    /usr/lib/gcc/x86_64-linux-gnu/11/../../../../include/c++/11/backward
[INFO] [stderr]    /usr/lib/llvm-14/lib/clang/14.0.0/include
[INFO] [stderr]    /usr/local/include
[INFO] [stderr]    /usr/include/x86_64-linux-gnu
[INFO] [stderr]    /usr/include
[INFO] [stderr]   End of search list.
[INFO] [stderr]   wrapper.hpp:1:10: fatal error: 'ceo/utilities.h' file not found
[INFO] [stderr]   wrapper.hpp:1:10: fatal error: 'ceo/utilities.h' file not found, err: true
[INFO] [stderr]   thread 'main' panicked at 'Unable to generate bindings: ()', /opt/rustwide/cargo-home/registry/src/index.crates.io-6f17d22bba15001f/crseo-sys-0.2.0/build.rs:56:10
[INFO] [stderr]   stack backtrace:
[INFO] [stderr]      0:     0x55cbc5ada911 - std::backtrace_rs::backtrace::libunwind::trace::h036e87df56fc4b9d
[INFO] [stderr]                                  at /rustc/9610dfe5a9a731ced1ea4923ecbd0c57fe367898/library/std/src/../../backtrace/src/backtrace/libunwind.rs:93:5
[INFO] [stderr]      1:     0x55cbc5ada911 - std::backtrace_rs::backtrace::trace_unsynchronized::hd61eb2dbd6ae476a
[INFO] [stderr]                                  at /rustc/9610dfe5a9a731ced1ea4923ecbd0c57fe367898/library/std/src/../../backtrace/src/backtrace/mod.rs:66:5
[INFO] [stderr]      2:     0x55cbc5ada911 - std::sys_common::backtrace::_print_fmt::h00c50d0875db23c9
[INFO] [stderr]                                  at /rustc/9610dfe5a9a731ced1ea4923ecbd0c57fe367898/library/std/src/sys_common/backtrace.rs:65:5
[INFO] [stderr]      3:     0x55cbc5ada911 - <std::sys_common::backtrace::_print::DisplayBacktrace as core::fmt::Display>::fmt::h63195ab2dde77ccc
[INFO] [stderr]                                  at /rustc/9610dfe5a9a731ced1ea4923ecbd0c57fe367898/library/std/src/sys_common/backtrace.rs:44:22
[INFO] [stderr]      4:     0x55cbc5b0111f - core::fmt::rt::Argument::fmt::h83f4110348c688f4
[INFO] [stderr]                                  at /rustc/9610dfe5a9a731ced1ea4923ecbd0c57fe367898/library/core/src/fmt/rt.rs:138:9
[INFO] [stderr]      5:     0x55cbc5b0111f - core::fmt::write::h509367dd365f983a
[INFO] [stderr]                                  at /rustc/9610dfe5a9a731ced1ea4923ecbd0c57fe367898/library/core/src/fmt/mod.rs:1094:21
[INFO] [stderr]      6:     0x55cbc5ad7df1 - std::io::Write::write_fmt::h8e60bfebdaabfee5
[INFO] [stderr]                                  at /rustc/9610dfe5a9a731ced1ea4923ecbd0c57fe367898/library/std/src/io/mod.rs:1713:15
[INFO] [stderr]      7:     0x55cbc5ada725 - std::sys_common::backtrace::_print::h96e550016098cde6
[INFO] [stderr]                                  at /rustc/9610dfe5a9a731ced1ea4923ecbd0c57fe367898/library/std/src/sys_common/backtrace.rs:47:5
[INFO] [stderr]      8:     0x55cbc5ada725 - std::sys_common::backtrace::print::h7a049611b153a02e
[INFO] [stderr]                                  at /rustc/9610dfe5a9a731ced1ea4923ecbd0c57fe367898/library/std/src/sys_common/backtrace.rs:34:9
[INFO] [stderr]      9:     0x55cbc5adbbc7 - std::panicking::default_hook::{{closure}}::h1b023d46676794c4
[INFO] [stderr]     10:     0x55cbc5adb9b4 - std::panicking::default_hook::hea2961dabcf68e83
[INFO] [stderr]                                  at /rustc/9610dfe5a9a731ced1ea4923ecbd0c57fe367898/library/std/src/panicking.rs:288:9
[INFO] [stderr]     11:     0x55cbc5adc07c - std::panicking::rust_panic_with_hook::h4285c91a8168b001
[INFO] [stderr]                                  at /rustc/9610dfe5a9a731ced1ea4923ecbd0c57fe367898/library/std/src/panicking.rs:705:13
[INFO] [stderr]     12:     0x55cbc5adbf77 - std::panicking::begin_panic_handler::{{closure}}::h6ebd0d46f0c6b010
[INFO] [stderr]                                  at /rustc/9610dfe5a9a731ced1ea4923ecbd0c57fe367898/library/std/src/panicking.rs:597:13
[INFO] [stderr]     13:     0x55cbc5adad46 - std::sys_common::backtrace::__rust_end_short_backtrace::h92042d128576b63a
[INFO] [stderr]                                  at /rustc/9610dfe5a9a731ced1ea4923ecbd0c57fe367898/library/std/src/sys_common/backtrace.rs:151:18
[INFO] [stderr]     14:     0x55cbc5adbcc2 - rust_begin_unwind
[INFO] [stderr]                                  at /rustc/9610dfe5a9a731ced1ea4923ecbd0c57fe367898/library/std/src/panicking.rs:593:5
[INFO] [stderr]     15:     0x55cbc56ca343 - core::panicking::panic_fmt::h65404fc8061ee73a
[INFO] [stderr]                                  at /rustc/9610dfe5a9a731ced1ea4923ecbd0c57fe367898/library/core/src/panicking.rs:67:14
[INFO] [stderr]     16:     0x55cbc56ca8d3 - core::result::unwrap_failed::h32fb969d6bae75cc
[INFO] [stderr]                                  at /rustc/9610dfe5a9a731ced1ea4923ecbd0c57fe367898/library/core/src/result.rs:1651:5
[INFO] [stderr]     17:     0x55cbc56cb7ba - core::result::Result<T,E>::expect::hb35aa54358f898eb
[INFO] [stderr]     18:     0x55cbc56ccda0 - build_script_build::main::h6926580105b39a6e
[INFO] [stderr]     19:     0x55cbc56cb803 - core::ops::function::FnOnce::call_once::hc644bf22c0eb842f
[INFO] [stderr]     20:     0x55cbc56cb7e6 - std::sys_common::backtrace::__rust_begin_short_backtrace::h4499eda9edfff6e0
[INFO] [stderr]     21:     0x55cbc56cb609 - std::rt::lang_start::{{closure}}::hd34b446e13b4db69
[INFO] [stderr]     22:     0x55cbc5ad3d35 - core::ops::function::impls::<impl core::ops::function::FnOnce<A> for &F>::call_once::h49ef85a8a8d45198
[INFO] [stderr]                                  at /rustc/9610dfe5a9a731ced1ea4923ecbd0c57fe367898/library/core/src/ops/function.rs:284:13
[INFO] [stderr]     23:     0x55cbc5ad3d35 - std::panicking::try::do_call::ha1def14af693a135
[INFO] [stderr]                                  at /rustc/9610dfe5a9a731ced1ea4923ecbd0c57fe367898/library/std/src/panicking.rs:500:40
[INFO] [stderr]     24:     0x55cbc5ad3d35 - std::panicking::try::haa3dc2a1139932e2
[INFO] [stderr]                                  at /rustc/9610dfe5a9a731ced1ea4923ecbd0c57fe367898/library/std/src/panicking.rs:464:19
[INFO] [stderr]     25:     0x55cbc5ad3d35 - std::panic::catch_unwind::h9d9cbebaf9f15c67
[INFO] [stderr]                                  at /rustc/9610dfe5a9a731ced1ea4923ecbd0c57fe367898/library/std/src/panic.rs:142:14
[INFO] [stderr]     26:     0x55cbc5ad3d35 - std::rt::lang_start_internal::{{closure}}::hf660a772669a69cc
[INFO] [stderr]                                  at /rustc/9610dfe5a9a731ced1ea4923ecbd0c57fe367898/library/std/src/rt.rs:148:48
[INFO] [stderr]     27:     0x55cbc5ad3d35 - std::panicking::try::do_call::hb1c34715bb9b1c46
[INFO] [stderr]                                  at /rustc/9610dfe5a9a731ced1ea4923ecbd0c57fe367898/library/std/src/panicking.rs:500:40
[INFO] [stderr]     28:     0x55cbc5ad3d35 - std::panicking::try::h499866fd990da8f1
[INFO] [stderr]                                  at /rustc/9610dfe5a9a731ced1ea4923ecbd0c57fe367898/library/std/src/panicking.rs:464:19
[INFO] [stderr]     29:     0x55cbc5ad3d35 - std::panic::catch_unwind::hac1ffec55b72e7bc
[INFO] [stderr]                                  at /rustc/9610dfe5a9a731ced1ea4923ecbd0c57fe367898/library/std/src/panic.rs:142:14
[INFO] [stderr]     30:     0x55cbc5ad3d35 - std::rt::lang_start_internal::h0fecf91cd579e7b6
[INFO] [stderr]                                  at /rustc/9610dfe5a9a731ced1ea4923ecbd0c57fe367898/library/std/src/rt.rs:148:20
[INFO] [stderr]     31:     0x55cbc56cb5e7 - std::rt::lang_start::h89dd746886e10039
[INFO] [stderr]     32:     0x55cbc56cceb5 - main
[INFO] [stderr]     33:     0x7f82ea967d90 - <unknown>
[INFO] [stderr]     34:     0x7f82ea967e40 - __libc_start_main
[INFO] [stderr]     35:     0x55cbc56cabd5 - _start
[INFO] [stderr]     36:                0x0 - <unknown>
[INFO] [stderr] warning: build failed, waiting for other jobs to finish...
[INFO] running `Command { std: "docker" "inspect" "5ff24869e6d2421cdcfc97b3c9481da69f64abe5aea902dacbe924206a28b002", kill_on_drop: false }`
[INFO] running `Command { std: "docker" "rm" "-f" "5ff24869e6d2421cdcfc97b3c9481da69f64abe5aea902dacbe924206a28b002", kill_on_drop: false }`
[INFO] [stdout] 5ff24869e6d2421cdcfc97b3c9481da69f64abe5aea902dacbe924206a28b002
